22
What is the highest common factor of 18 and 114?
6
What is the greatest common divisor of 625 and 50?
25
Calculate the greatest common divisor of 55 and 50.
5
What is the greatest common divisor of 13170 and 15?
15
Calculate the highest common divisor of 2597 and 931.
49
What is the greatest common factor of 434 and 84?
14
What is the highest common factor of 481 and 91?
13
Calculate the greatest common factor of 11102 and 56.
14
Calculate the greatest common divisor of 6 and 768.
6
What is the highest common divisor of 1804 and 44?
44
Calculate the highest common divisor of 539 and 11.
11
What is the greatest common factor of 112 and 656?
16
What is the highest common factor of 360 and 81?
9
What is the greatest common factor of 324 and 12?
12
Calculate the greatest common factor of 418 and 38.
38
Calculate the greatest common divisor of 152 and 114.
38
What is the highest common factor of 59 and 20591?
59
What is the highest common divisor of 3536 and 221?
221
What is the greatest common factor of 72 and 7296?
24
What is the greatest common factor of 30 and 8955?
15
What is the highest common factor of 9495 and 315?
45
What is the greatest common divisor of 90 and 60?
30
Calculate the greatest common divisor of 4 and 292.
4
What is the highest common divisor of 61 and 1?
1
What is the greatest common divisor of 822 and 54?
6
Calculate the greatest common factor of 54 and 1098.
18
What is the greatest common factor of 90 and 375?
15
What is the highest common divisor of 14213 and 466?
233
What is the highest common divisor of 692 and 2249?
173
What is the highest common divisor of 4 and 12?
4
What is the greatest common factor of 36 and 56484?
36
What is the greatest common divisor of 6950 and 1100?
50
What is the greatest common factor of 82 and 21894?
82
What is the greatest common divisor of 799 and 141?
47
Calculate the highest common factor of 820 and 40.
20
What is the highest common divisor of 882 and 196?
98
What is the highest common divisor of 1974 and 28?
14
What is the greatest common divisor of 952 and 168?
56
Calculate the greatest common divisor of 1632 and 3.
3
What is the highest common factor of 234 and 162?
18
What is the highest common divisor of 1344 and 48?
48
What is the highest common divisor of 66937 and 13?
13
What is the highest common divisor of 100 and 140?
20
What is the highest common factor of 1332 and 37?
37
Calculate the highest common factor of 4532 and 176.
44
What is the greatest common factor of 22 and 242?
22
What is the highest common divisor of 675 and 585?
45
What is the highest common divisor of 35 and 28000?
35
Calculate the greatest common factor of 696 and 24.
24
What is the highest common divisor of 405 and 90?
45
What is the greatest common factor of 198 and 30?
6
What is the highest common factor of 140 and 180?
20
Calculate the greatest common factor of 84 and 7.
7
What is the greatest common divisor of 1100 and 15620?
220
Calculate the highest common divisor of 196 and 17199.
49
What is the greatest common divisor of 782 and 442?
34
Calculate the highest common divisor of 119 and 23341.
17
Calculate the greatest common divisor of 2254 and 46.
46
What is the greatest common divisor of 235 and 8037?
47
Calculate the highest common divisor of 134 and 1273.
67
Calculate the greatest common divisor of 616 and 1694.
154
Calculate the highest common factor of 1803 and 21.
3
What is the highest common divisor of 1955 and 2125?
85
Calculate the greatest common factor of 4850 and 175.
25
What is the greatest common divisor of 39 and 156?
39
Calculate the greatest common factor of 32 and 5792.
32
Calculate the highest common divisor of 2472 and 48.
24
Calculate the highest common factor of 42 and 2982.
42
Calculate the highest common divisor of 29 and 551.
29
What is the highest common divisor of 1230 and 30?
30
Calculate the highest common factor of 550 and 625.
25
What is the highest common divisor of 18 and 162?
18
Calculate the highest common divisor of 31 and 193.
1
Calculate the highest common factor of 107 and 3959.
107
Calculate the greatest common factor of 4180 and 1100.
220
Calculate the greatest common factor of 12 and 3594.
6
What is the highest common divisor of 2603 and 137?
137
Calculate the greatest common divisor of 20 and 480.
20
What is the greatest common factor of 781 and 11?
11
Calculate the highest common divisor of 865 and 45.
5
Calculate the greatest common divisor of 86 and 62.
2
What is the highest common factor of 39617 and 173?
173
Calculate the greatest common factor of 372 and 24428.
124
What is the highest common divisor of 207 and 5106?
69
Calculate the greatest common factor of 80 and 16.
16
What is the greatest common factor of 224 and 280?
56
What is the greatest common factor of 1536 and 12?
12
What is the greatest common factor of 30 and 102?
6
Calculate the greatest common divisor of 48 and 432.
48
Calculate the highest common factor of 1036 and 28.
28
What is the greatest common divisor of 1056 and 480?
96
Calculate the greatest common factor of 9 and 57033.
9
What is the highest common factor of 1364 and 132?
44
Calculate the highest common factor of 22920 and 360.
120
Calculate the greatest common factor of 2651 and 11.
11
What is the highest common divisor of 54 and 20547?
27
What is the greatest common factor of 768 and 96?
96
Calculate the highest common divisor of 2 and 59.
1
What is the highest common factor of 145 and 2755?
145
What is the greatest common factor of 112179 and 183?
183
Calculate the greatest common divisor of 438 and 5475.
219
What is the highest common factor of 14 and 438?
2
Calculate the highest common divisor of 75 and 20.
5
Calculate the greatest common factor of 29424 and 96.
48
What is the greatest common factor of 432 and 18?
18
What is the highest common factor of 1147 and 217?
31
What is the greatest common divisor of 27 and 27?
27
Calculate the greatest common divisor of 145 and 52055.
145
What is the highest common divisor of 87 and 1?
1
Calculate the highest common divisor of 425 and 34.
17
Calculate the highest common divisor of 68 and 85.
17
Calculate the highest common factor of 52 and 702.
26
What is the greatest common factor of 12 and 42864?
12
Calculate the greatest common factor of 6896 and 16.
16
Calculate the highest common divisor of 14499 and 63.
9
What is the greatest common factor of 234 and 378?
18
Calculate the greatest common divisor of 142649 and 13.
13
What is the greatest common factor of 22984 and 34?
34
Calculate the greatest common factor of 29 and 58.
29
What is the greatest common factor of 25 and 395?
5
What is the highest common factor of 945 and 70?
35
What is the highest common divisor of 10 and 125?
5
Calculate the highest common factor of 60 and 1040.
20
What is the greatest common divisor of 27276 and 24?
12
Calculate the greatest common factor of 1060 and 100.
20
Calculate the greatest common divisor of 27 and 5373.
27
Calculate the greatest common divisor of 553 and 2528.
79
Calculate the greatest common divisor of 273 and 1209.
39
Calculate the greatest common factor of 21 and 7203.
21
Calculate the greatest common divisor of 310 and 1740.
10
Calculate the greatest common divisor of 10 and 166.
2
What is the greatest common divisor of 54 and 738?
18
Calculate the greatest common divisor of 42 and 70.
14
Calculate the highest common factor of 2088 and 264.
24
Calculate the greatest common divisor of 406 and 42.
14
Calculate the greatest common factor of 44 and 88.
44
Calculate the highest common divisor of 68 and 51.
17
What is the highest common divisor of 632 and 56?
8
What is the highest common factor of 3971 and 88?
11
What is the highest common factor of 231 and 165?
33
What is the highest common divisor of 640 and 1760?
160
What is the highest common factor of 66 and 1562?
22
Calculate the highest common divisor of 225 and 9.
9
What is the greatest common factor of 579 and 15?
3
Calculate the greatest common factor of 8 and 8.
8
Calculate the greatest common divisor of 24 and 320.
8
What is the greatest common divisor of 36 and 162?
18
Calculate the highest common divisor of 9 and 4152.
3
Calculate the greatest common divisor of 42 and 18.
6
What is the highest common factor of 3